the prime factors of z?
2, 3
Let q(n) be the second derivative of -n**5/10 - n**4/6 + 3*n**3/2 + 7*n**2/2 + 2*n. Let v be (6 - 4)/(3/(-6)). List the prime factors of q(v).
67
Let m(t) = -6*t**3 + 12*t**2 - 9*t - 19 - t**3 + 6*t**3. What are the prime factors of m(10)?
7, 13
Suppose 6*w - w = 10. Suppose -w*j + 56 = 5*x, -x = -5*j - 0*j + 86. List the prime factors of j.
2, 3
Let u = 3 + 1. Suppose -4*o - 52 = -5*o + u*f, 4*o + 5*f = 124. What are the prime factors of o?
2, 3
Suppose -2*v + 7*v = m - 87, 83 = -5*v - m. Let f = v - -31. What are the prime factors of f - 1/((-3)/(-9))?
11
Suppose 4*i - 2*v - 28 = 0, 5*v + 7 - 1 = 2*i. Suppose -i*r + 156 = -6*r. Let x = r - 43. List the prime factors of x.
5, 7
Let y = 248 + -92. Suppose -c - y = -4*c. List the prime factors of c.
2, 13
Let f = 9 + -4. Suppose -28 = f*l - 118. What are the prime factors of (l - 4) + 0 + 2?
2
Let r(g) = -8*g + 43. List the prime factors of r(-5).
83
Let z be (96/(-5))/(-3) + 14/(-35). Suppose -o = -z*o + 595. List the prime factors of o.
7, 17
Let q = 12 + -5. Suppose -162 = -10*u + q*u. What are the prime factors of u?
2, 3
Suppose 0 = -5*f - 3*q + 7227, -5*f + 6502 + 733 = 5*q. List the prime factors of f.
3, 13, 37
Let i(n) be the third derivative of -n**7/5040 + 7*n**6/720 - n**5/10 - 4*n**2. Let m(t) be the third derivative of i(t). List the prime factors of m(-6).
13
Suppose 0 = 3*x + 8 - 20. Suppose -x*o = -33 + 5. Suppose -o*z - 8 = -288. What are the prime factors of z?
2, 5
List the prime factors of -7 + (2 - -2) - (2 - 1568).
3, 521
Let z = 45 - 40. Suppose 2*b + 132 = z*r, -2*b - 72 = 5*r - 200. List the prime factors of r.
2, 13
Let y be 61/((-4)/(-10) - (-27)/45). Let b = 128 - y. What are the prime factors of b?
67
Suppose v + 984 = 5*v. Let j = -166 + v. Suppose -2*z = 2*z - j. List the prime factors of z.
2, 5
Let g be (-1)/6 + 231/(-18). Let p = g + 40. List the prime factors of p.
3
Let o(c) = -c**3 + 2*c - 1. Let b be o(1). Suppose 0 = -b*g + 5*g - 275. Suppose 95 = 3*q - g. What are the prime factors of q?
2, 5
Let k = -38 + 7. Let j = k - -40. List the prime factors of j.
3
Let c(m) = 30*m**2 - 6*m + 1. Let p be c(-3). Let x = p + -155. List the prime factors of x.
2, 67
Suppose -h - 3*w - 5463 = -4*h, -3638 = -2*h + w. What are the prime factors of h?
23, 79
Let m = -16 - -20. List the prime factors of (129 - (-3 + m)/1) + 3.
131
Let f be (-2 + 47)*(-4)/(-5). Suppose -f*p + 25 = -31*p. Suppose -p*c = -127 - 13. What are the prime factors of c?
2, 7
Let s(p) = -p**3 - 8*p**2 - 7*p + 4. Let f be s(-7). Suppose h = f*h. What are the prime factors of h + (-1 - (1 + -19))?
17
Let a = -30 - -45. Let f be 15/(-6)*(-12)/a. List the prime factors of f/9 - 716/(-18).
2, 5
Let x(d) = 65*d**2 + 82*d - 5. What are the prime factors of x(7)?
2, 1877
Suppose 4*x - 12820 = 6*d - 2*d, d - 6407 = -2*x. List the prime factors of x.
2, 3, 89
Let i be 16/(-8)*2/4*-135. Suppose -517 = -2*l - i. List the prime factors of l.
191
Suppose -5*w + 12 = 2. Let u be w/6 - (-9)/(-27). Suppose u*o - 3*o = -117. What are the prime factors of o?
3, 13
Suppose -3*x = 11 + 4. What are the prime factors of (2 - 3)*10/x?
2
Suppose 8*t - 3*t + 20 = 0, 0 = -4*o + t + 6836. List the prime factors of o.
2, 7, 61
Let z = 22 - 38. List the prime factors of (15/4)/((-2)/z).
2, 3, 5
Let l(d) = 31*d - 35. Let w be l(15). Suppose -x + 6*x = w. List the prime factors of x.
2, 43
Let d(h) = 1800*h**3 - 4*h**2 + 9*h - 6. What are the prime factors of d(1)?
7, 257
Let j(d) = -6*d - 2. Let y be j(-1). Suppose 0 = -y*h - 12, 4*h + 78 = 2*q - 76. What are the prime factors of q?
71
Let d(a) be the first derivative of a**2/2 - a - 4. Let y be d(6). Suppose y*b = 79 + 56. List the prime factors of b.
3
Let l(h) = -h**2 + 11*h - 7. Let r be l(10). Suppose -109 = 2*o - 277. Suppose -4*p + 6*p - 4*c = 40, r*p = -2*c + o. List the prime factors of p.
2, 13
Let v = 1143 - 253. List the prime factors of v.
2, 5, 89
Let b be (-1 - (-2)/4*4) + 2. Suppose -2*r = 5*m - 60, 3*m + b*r - 31 = 14. List the prime factors of m.
2, 5
Let k(s) = -13*s**3 - 2*s**2 + 4*s + 8. Let i be k(-2). Let f = i + -53. List the prime factors of f.
43
Suppose -5*x + 9*q + 3416 = 6*q, -q = 4*x - 2743. What are the prime factors of x?
5, 137
Suppose -4*q + 4*c + 6574 = -6426, 4*c = 12. What are the prime factors of q?
3253
Let u be ((-105)/(-20))/((-9)/(-60)). Suppose -5*p - 7 = -d, 7*d = 2*d + 5*p + u. List the prime factors of d.
7
List the prime factors of -52 - -42 - -13*290.
2, 5, 47
Let u be -18 - (6/10 + 18/(-5)). Let p(a) = a**3 + 15*a**2 + 18. What are the prime factors of p(u)?
2, 3
Suppose 61*b - 79*b = -8046. List the prime factors of b.
3, 149
Let r = 51 + -91. Let d = 58 + r. What are the prime factors of d?
2, 3
Let n = 11 + -29. Suppose 26 = -3*x - 13. Let g = x - n. List the prime factors of g.
5
Let o be (-6)/((3/6)/(-1 - 0)). What are the prime factors of 76/6*36/o?
2, 19
Let r(t) be the second derivative of -t**4/3 - t**3/6 + t**2/2 - 2*t. Let b be r(2). Let z = 29 + b. What are the prime factors of z?
2, 3
Suppose -24*s - 60 = -2*r - 23*s, -3*s = -3*r + 84. List the prime factors of r.
2
Let l = 596 - 372. What are the prime factors of l?
2, 7
Let x(j) = 23*j - 3. Let r = 7 + -5. Let b be x(r). Let y = b + -19. List the prime factors of y.
2, 3
Suppose 7*j - 2*j + 25 = 0. Let i = -2 - j. Suppose -130 = -i*t - 2*t. List the prime factors of t.
2, 13
What are the prime factors of (-2401)/(-9) + 5 + (-516)/108?
3, 89
Let u(a) = -a**3 - 7*a**2 - a - 1. Let y be u(-7). Suppose 7*k - y*k - 6 = 0. List the prime factors of k.
2, 3
Suppose -2*p + 2*h = 1 + 93, 4*p + 2*h + 194 = 0. Let g be (p/60)/((-1)/10). Suppose 2*b = g + 16. List the prime factors of b.
2, 3
Let o be (0 + 7)/((-2)/4). Suppose y + 4*y = -4*u + 124, -3*y = -4*u - 68. Let r = y + o. What are the prime factors of r?
2, 5
Suppose 0 = -6*b + b + 2*p + 2, -4*b + 28 = 5*p. What are the prime factors of 83 - (0 + (0 - b))?
5, 17
Let x = 1024 + -979. What are the prime factors of x?
3, 5
Let b be 2/(-18) - 8903/(-261). Suppose -536 = b*x - 38*x. What are the prime factors of x?
2, 67
Let w = -77 - -82. List the prime factors of (2/w*3)/(4/100).
2, 3, 5
Suppose -w + 78 = -117. Suppose 0 = -7*i + w + 106. List the prime factors of i.
43
Let t = 284 + -580. Let i = -209 - t. List the prime factors of i.
3, 29
Let t(n) = 3*n + 28. Let x(q) = q**3 - 5*q**2 - 10*q - 17. Let g be x(7). What are the prime factors of t(g)?
61
Suppose 0 = 5*u - 8*u + 1710. List the prime factors of u.
2, 3, 5, 19
What are the prime factors of 16/((-96)/765)*24/(-10)?
2, 3, 17
Suppose 3*x = -v + 3188, -3*v + 2125 = 2*x - 2*v. What are the prime factors of x?
1063
Let s(j) = j**3 + 6*j**2 + 2*j - 3. Suppose 4*d = 1 - 21. Let r be s(d). What are the prime factors of 26*3*r/18?
2, 13
Suppose 5*b - 31 = b + 5*c, 3*c = -3*b + 3. Suppose -5*g - 890 = -5*h, g + 194 = h + b*g. List the prime factors of h.
2, 7, 13
Suppose -10 = 5*p, -7 = 2*l + 3*l + p. Let b(y) = 0 - 81*y + 37*y + 25*y - 1. What are the prime factors of b(l)?
2, 3
Let b = -48 + 46. Let a = 90 + b. What are the prime factors of a?
2, 11
Suppose -10152 = -7*i - 219. What are the prime factors of i?
3, 11, 43
Let r be 1 + 1 + (2 - -9). Let m = -15 + r. Let c = 2 - m. What are the prime factors of c?
2
Suppose 24*n - 25*n = 16. Let j(w) = -w**3 - 17*w**2 - 16*w + 7. What are the prime factors of j(n)?
7
Let d(k) = k**3 - 3*k**2 - 3*k - 4. Let h be d(4). Suppose 5*p - 162 - 38 = h. What are the prime factors of p?
2, 5
Let n(m) = m**3 + 14*m**2 - 14*m - 41. Let v be n(-7). Suppose -2*d = 84 - v. List the prime factors of d.
2, 79
Suppose 79 + 3901 = 5*a. What are the prime factors of a?
2, 199
Let k be 0 + ((-27)/3)/1. Suppose 2*c + 87 = -3*v, 6 = c - 5*v + 17. Let u = k - c. List the prime factors of u.
3
Let n be ((-215)/(-3))/((-2)/6). List the prime factors of ((-6)/(24/n))/(1/4).
5, 43
Suppose -2*c - s + 20 = -4*c, -5*c + 5*s - 50 = 0. Let i = -6 - c. Let p(f) = -f**3 + 4*f**2 + 5*f - 1. List the prime factors of p(i).
19
Let p be (-4)/10 - (-102)/30. Suppose -j + 5*j = p*k + 6, k = 3*j - 2. Suppose j = -3*h + 20 + 103. List the prime factors of h.
41
Let q = -540 - -538. Suppose -5*g - 65 = 5*v, -4*v + 6*v = 4*g - 38. Li